 the prime factors of o.
73
Let f(u) = 696*u - 117. Suppose 0 = -9*m - 18*m + 54. What are the prime factors of f(m)?
3, 5, 17
Let h = -101306 - -197950. What are the prime factors of h?
2, 37, 653
Suppose -11*y + 76 = 21. Suppose 4*i - 1104 = -2*f, -y*i - 4*f + 1365 = -9*f. List the prime factors of i.
5, 11
List the prime factors of (743*(-36)/42)/(2/(-14)).
2, 3, 743
Let v(h) = 6*h**2 + 172*h + 330. List the prime factors of v(15).
2, 3, 5, 71
Let g(z) = 142*z - 115*z + 343 - 83*z. List the prime factors of g(-18).
7, 193
Suppose 10 = -4*f - g + 342, -4*g = -2*f + 166. List the prime factors of f.
83
Suppose -8*s + 3*s + 1 = 3*n, -2*s = -4*n - 16. Let d(i) = i + 1 + 45*i**2 + 30*i**s + 8*i**2. List the prime factors of d(-1).
83
Suppose -25*o + 813844 = -856631. What are the prime factors of o?
3, 22273
Let y(u) = -u - 2. Suppose -5*h = -5*s + 70, -3*h + 19 = 3*s - 35. Let d be y(s). What are the prime factors of (565/9)/1 - 4/d?
3, 7
Let k = -1688 - -4206. Suppose 0 = 18*t - 1748 - k. What are the prime factors of t?
3, 79
Let h(d) = 135*d + 37. Let c be h(1). Suppose 0 = 2*f + a - c, 2*f - 184 = 3*a + 2*a. List the prime factors of f.
3, 29
Suppose 0 = 2*z - 0*z. Suppose z = 5*c + 1 - 31. Suppose 0 = -c*y + 4*y + 172. What are the prime factors of y?
2, 43
Let y be 1/(((-2)/((-16)/(-2)))/(-1)). Let c = 26 + y. Suppose c = 4*v - 70. List the prime factors of v.
5
Let o = 153 - 149. Suppose o*a - 933 = 663. List the prime factors of a.
3, 7, 19
Let o(u) = 599*u - 918. List the prime factors of o(30).
2, 3, 7, 29
Let j(g) = g**3 - 3*g**2 - 201*g + 12. Let v be j(16). Let k be (-2)/(-6) - (-1900)/6. Let m = k - v. What are the prime factors of m?
193
Suppose 3*v = 0, 0 = 10*g - 6*g + 2*v - 44. Suppose -g*u - 8 = -3*u. What are the prime factors of u - -189 - (-32)/(-3 - 5)?
2, 23
List the prime factors of 17803 + ((-2)/(-8)*-4 - -2) + -1.
19, 937
Suppose -206 - 1252 = -2*x - 3*k, 3*k = 2*x - 1446. Suppose -28*t + x = -25*t. List the prime factors of t.
2, 11
Let k = 187 + -188. What are the prime factors of -122*(k + 40/(-16))?
7, 61
Let b = -36701 - -81757. List the prime factors of b.
2, 11
Let j = -366 + 815. Let t = j + -200. What are the prime factors of t?
3, 83
Let y(n) = 164*n - 65. List the prime factors of y(9).
17, 83
Suppose -2*w + 3*m + 40 = 0, 5*w - 2*m = 2*w + 70. Let p = w + -26. Suppose p = -4*u - 3*q + 188 + 51, q - 229 = -4*u. What are the prime factors of u?
2, 7
Let q(v) = -51*v + 15. Let u(x) = 22*x - 10. Let p(g) = -21*g + 9. Let t(z) = 5*p(z) + 4*u(z). Let k(f) = 3*q(f) - 8*t(f). List the prime factors of k(-9).
2, 79
Let v(r) = -14 - 5 + 12*r + 5 + 6. Let u be v(4). Let j = u + 47. What are the prime factors of j?
3, 29
List the prime factors of -9 - ((-3419448)/84 + (-5)/(-7)).
2, 3, 7, 17, 19
Let w = -1531 + 966. What are the prime factors of -3 + (w/(-1) - -1)?
563
Let f(v) = v**3 + 8*v**2 + 8*v + 10. Let z be f(-7). Suppose 7*s + 2204 = 11*s. Suppose z*n - s + 224 = 0. List the prime factors of n.
109
What are the prime factors of (-14552)/(-321)*(-9582)/(-28) + (-4)/(-14)?
2, 7757
Suppose 4 = -2*q + 2*l, -q + 3*l = -2*l - 10. What are the prime factors of (4 - (-4 - q)) + 172?
5, 7
Suppose 5963122 = -4*o + 116*o + 9*o. List the prime factors of o.
2, 41, 601
List the prime factors of (197902/265)/(3/15).
2, 1867
Suppose -4*o + u = -33, -3*u - 15 = -4*o + 20. Suppose 7476 = o*a - a. List the prime factors of a.
2, 3, 89
Suppose 4*a - 2*b = 18572, -40*b = -2*a - 41*b + 9286. What are the prime factors of a?
4643
Suppose -2*x + 4*x + 4*u - 52 = 0, 5*x + 3*u - 116 = 0. Suppose -4*w - 38 = -i, 3 = -3*w - i - x. What are the prime factors of (-2)/w + ((-2732)/(-18) - -2)?
2, 7, 11
Suppose 13 = 2*d + 5, 3*p = -5*d + 10406. What are the prime factors of p?
2, 3, 577
Let l = -86 - -90. Let v be ((-112)/20)/(l/10). What are the prime factors of 138/((-10)/v - (-6)/21)?
2, 3, 23
Let y(o) = 29*o - 8. Let u be y(-2). Let a be (-2*6/8)/(u/11528). Let v = a - 78. What are the prime factors of v?
2, 23
Suppose -8*o + 223127 = 21391. What are the prime factors of o?
151, 167
Let i(v) be the third derivative of 0 + 0*v**4 + 0*v - 1/6*v**3 - 13*v**2 + 17/10*v**5. What are the prime factors of i(-1)?
101
Let h(v) = 19*v**2 - 4*v - 37. Let n(y) = 19*y**2 - 3*y - 37. Let a(g) = 4*h(g) - 3*n(g). List the prime factors of a(-4).
5, 59
Suppose 3*p + 0*p + 4*c - 60 = 0, 9 = p + 5*c. Suppose 0 = p*m - 11*m - 1326. List the prime factors of m.
2, 3, 17
Let b = 34093 - 21620. What are the prime factors of b?
12473
Let f(c) = 3*c**2 + 14*c - 11. Let g(o) = -o**2 - 1. Suppose -2*i + w = 0, -5 = -i + 2*w + w. Let s(l) = i*f(l) - 5*g(l). List the prime factors of s(8).
2
Let w be (-1)/((-141)/69 - -2). Suppose 0 = w*v - 18*v - 2965. List the prime factors of v.
593
List the prime factors of (-3 - 16/4) + 33993.
2, 16993
Let x(h) = 7*h**3 - 10*h**2 + 4*h + 20. Let g(t) = -22*t**3 + 29*t**2 - 14*t - 58. Let q(z) = 3*g(z) + 8*x(z). What are the prime factors of q(-4)?
2, 389
Let y(v) = v**3 + 11*v**2 + 17*v - 4. Let n be y(-9). Suppose p = 2*u + 3*u + 22, n*u = -4*p + 138. List the prime factors of p.
2
Let n(g) = 693*g**2 + 27*g - 477. What are the prime factors of n(10)?
3, 853
Let j = 498 - 495. Suppose -j*g + 273 - 11 = w, 0 = 5*w + g - 1254. What are the prime factors of w?
2, 5
Let u be (-222)/78 - (-2)/(-13). Let v(f) = 2. Let c(q) = 49*q - 3. Let r(k) = u*c(k) - 3*v(k). List the prime factors of r(-1).
2, 3, 5
Suppose 4799619 = 189*p + 1561482. What are the prime factors of p?
3, 5711
Suppose 15*z - 10*z - 695 = 0. Let s = z + -286. Let p = s - -251. List the prime factors of p.
2, 13
Suppose 0 = 5*l - 5*n - 23330, -4793*n + 18666 = 4*l - 4798*n. List the prime factors of l.
2, 11, 53
Let o(d) be the second derivative of d**5/5 - 5*d**4/12 + d**2 + 2*d + 149. Let v(q) = q**3 + 4*q**2 - 2*q - 5. Let m be v(-4). List the prime factors of o(m).
5, 13
Let f be -20*(-3 + ((-105)/(-6))/7). Suppose -h - f = 4*h - n, -3*n = -5*h. What are the prime factors of (112/h)/(-1) + 4/6?
2, 19
Suppose 0 = 4*d - 2*l + l - 8, 2*d - 4 = 2*l. Let t(p) = 36*p - d - 2 + 1. What are the prime factors of t(2)?
3, 23
Let u = 9770 - 700. List the prime factors of u.
2, 5, 907
Suppose -4*b + 26 = 2*x, 2*b + 21 = b + 5*x. Suppose 5*t = -m + 61, -11 + 55 = b*t - 4*m. Suppose 3*h = t + 30. What are the prime factors of h?
2, 7
Suppose -7*t = -6*t - 1800. Suppose 5*i = -t + 485. Let l = -54 - i. List the prime factors of l.
11, 19
Suppose -4*w + 215 + 249 = 0. Suppose w*j - 1057 = 109*j. List the prime factors of j.
151
Suppose 23421 = -d + 27476. What are the prime factors of d?
5, 811
Let p be 1 - -15 - 1*(1 - 1). Let m be 104/p + 9/(-6). List the prime factors of (3 - (-264)/5) + 1/m.
2, 7
Suppose 0 = -w - w. Let h = 3 - w. Suppose -h*k + 44 = -31. List the prime factors of k.
5
Suppose t - 38 + 33 = 0. Let h(d) = -8*d**3 - 4*d**2 + d - 1. Let m be h(-3). Suppose -t*v + m = -v. List the prime factors of v.
2, 11
Let d = -210 + 491. Let u = -82 + d. List the prime factors of u.
199
Let x(q) = 21*q**2 - 5*q + 92. List the prime factors of x(-10).
2, 19, 59
Let t(k) = -k**3 + 26*k**2 - 28*k - 64. Let v(h) = -2*h**3 - 19*h**2 - 10*h + 15. Let u be v(-9). What are the prime factors of t(u)?
2, 13
What are the prime factors of (2/2)/(-11 - 1414940/(-128630))?
19, 677
Suppose -6*q + 8*q - n - 12121 = 0, -5*q - n + 30313 = 0. List the prime factors of q.
2, 7, 433
Let v(b) = 290*b - 213. List the prime factors of v(10).
2687
Suppose o - 9 = -3*g, -5*o = 2*g + 3*g - 15. Suppose 0*f + g*j = -4*f + 3262, 0 = f - 5*j - 804. List the prime factors of f.
2, 11, 37
Suppose -9*m = -29*m + 1666540. Suppose 49*g - m + 5417 = 0. List the prime factors of g.
2, 3, 5, 53
Suppose 4*q - 4*d + 423 = -569, 0 = -4*q + 3*d - 992. Let i be 2/(-2) + (-5 - -2 - q). Let v = i + -84. List the prime factors of v.
2, 5
List the prime factors of 14937 - 9*(-4)/12 - 3.
3, 13, 383
Let x = -763 + 1347. Let o = 229 + x. What are the prime factors of o?
3, 271
Let k = 68 + -66. Let l(b) = -b. Let a be l(k). List the prime factors of (1/(-2))/((a/252)/1).
3, 7
Let i = 181 + -178. Suppose 32 = i*y + 8. What are the prime factors of y?
2
Let x be (-9)/(6668/(-37400) + 4/22). Let g = -1704 - x. What are the